-104063 + -26113?
-133206
In base 9, what is -1211 + -34?
-1245
In base 7, what is 252414443 - -3?
252414446
In base 8, what is 165451346 + -10?
165451336
In base 12, what is 5 - -549a79b?
549a7a4
In base 7, what is -4 - -626605636?
626605632
In base 10, what is -8797649 - -3?
-8797646
In base 13, what is 2c - 34bca?
-34b9b
In base 7, what is 4441643642 - -2?
4441643644
In base 12, what is -27a4 - ba18?
-12600
In base 14, what is 6a + -23a01?
-23975
In base 6, what is 445102 + 2?
445104
In base 10, what is 352 - 764?
-412
In base 13, what is -814 + -5835b?
-58b72
In base 15, what is 395e4 + 13?
39607
In base 15, what is -411b + 2398?
-1c73
In base 9, what is 4706318 + -28?
4706280
In base 12, what is -1545022 - b3?
-1545115
In base 8, what is 2 - 11562620?
-11562616
In base 5, what is 1333441 - -120?
1334111
In base 5, what is 220324203310 + 3?
220324203313
In base 9, what is 231218068 + 3?
231218072
In base 8, what is -13 - 114016012?
-114016025
In base 12, what is 7009 + -a67?
6162
In base 13, what is 1b2 - -9132?
9314
In base 6, what is 4105 + 235014?
243123
In base 2, what is 101001001101001100 + 11111?
101001001101101011
In base 8, what is 25357 + 10731?
36310
In base 9, what is 106146383 - 0?
106146383
In base 2, what is 10110101000000 - 11110000111111?
-111011111111
In base 10, what is 63 - 706810?
-706747
In base 8, what is -2423 + 6507?
4064
In base 15, what is -6a6e0 + -17?
-6a707
In base 9, what is -685 - 431836?
-432632
In base 11, what is -1324a7 + 856?
-131751
In base 4, what is -1002211000 - -3010?
-1002201330
In base 6, what is -4410311 - 140?
-4410451
In base 12, what is -613 + 12899a?
128387
In base 10, what is -3 - 45799463?
-45799466
In base 13, what is -1322 + 15b9a?
14878
In base 5, what is 113 - 132212011?
-132211343
In base 13, what is -3 - -c369480?
c36947a
In base 15, what is -834e7a - 5?
-834e80
In base 3, what is 210121121200101 - -2?
210121121200110
In base 13, what is -16c0444 + -4?
-16c0448
In base 5, what is 10 + -321444323414?
-321444323404
In base 5, what is -12 + -2040021324?
-2040021341
In base 6, what is -352 + -3010?
-3402
In base 11, what is 56056 - -162?
56208
In base 2, what is 110000010110101110000 - -1000?
110000010110101111000
In base 13, what is -3 + 3b44bb9?
3b44bb6
In base 13, what is -11 + -10946519?
-1094652a
In base 2, what is 1010000100000011101001101011 + 11?
1010000100000011101001101110
In base 4, what is -1133213011303 - 222?
-1133213012131
In base 6, what is -24 + 44341225?
44341201
In base 3, what is 120202102011022 - -1?
120202102011100
In base 15, what is -107a - 70c?
-1787
In base 7, what is 4 - 244260644?
-244260640
In base 8, what is 12 - -66775612?
66775624
In base 8, what is 13106523205 + 2?
13106523207
In base 6, what is 40 + -4220335?
-4220255
In base 7, what is 0 - 152020166?
-152020166
In base 3, what is -11 + -101201020011000?
-101201020011011
In base 3, what is 11 + -2121212212122001?
-2121212212121220
In base 2, what is 11000 - 111100001110111?
-111100001011111
In base 13, what is -72c27a74 + 3?
-72c27a71
In base 6, what is 11 + 2531555204?
2531555215
In base 8, what is 17360 - -343?
17723
In base 15, what is -6d3 - 1615?
-1ce8
In base 4, what is -11 - 3131201313?
-3131201330
In base 6, what is 3320040515 - 1?
3320040514
In base 15, what is 1d2 - cbea?
-ca18
In base 10, what is 1327 + 3987?
5314
In base 9, what is -387121780 - -3?
-387121776
In base 11, what is -3 - -27384a29?
27384a26
In base 7, what is 523002006 + -3?
523002003
In base 12, what is 1 - -57737428?
57737429
In base 13, what is 3444 + -2c1b?
526
In base 5, what is 233310 - 244112?
-10302
In base 14, what is -844c722 + 0?
-844c722
In base 9, what is 3740656 - -17?
3740674
In base 6, what is -1353324 - -5134?
-1344150
In base 8, what is -2 + -124737271?
-124737273
In base 8, what is 206370 - 670?
205500
In base 13, what is 59aab51 + 0?
59aab51
In base 6, what is 3315413342 + 4?
3315413350
In base 2, what is -11 - -1010010111001111011100001?
1010010111001111011011110
In base 10, what is 6458 + -3943?
2515
In base 4, what is -20033030 + 30201?
-20002223
In base 16, what is -19e6 + 628?
-13be
In base 7, what is 3 + -150323232?
-150323226
In base 11, what is -5 + -393a17?
-393a21
In base 7, what is 23623 - -230446?
254402
In base 9, what is 4 - 18048757?
-18048753
In base 11, what is -520351400 - -5?
-5203513a6
In base 16, what is -47b57243 + 4?
-47b5723f
In base 2, what is -1010 - -101111000100110100001100111?
101111000100110100001011101
In base 8, what is 33 + 10111536?
10111571
In base 7, what is -204 - 565443?
-565650
In base 8, what is -640 - 30103?
-30743
In base 14, what is 2 - -1bc07ab4?
1bc07ab6
In base 7, what is 2230 - -46260?
51520
In base 5, what is 44241 + -132334?
-33043
In base 16, what is 1190b - -b10?
1241b
In base 5, what is -44220 - -144234?
100014
In base 14, what is 551d + 178?
5697
In base 8, what is -1602 + 30721?
27117
In base 4, what is 33111011 + 1311?
33112322
In base 10, what is -817402 - 390?
-817792
In base 15, what is -7 + 5a8650?
5a8648
In base 10, what is 664 - -88355?
89019
In base 16, what is 4 - -13cd55e?
13cd562
In base 14, what is 12 + -2a37a8?
-2a3796
In base 7, what is -34145023 + -4?
-34145030
In base 2, what is 100011101011010110 + 100101?
100011101011111011
In base 9, what is 13364873 - -4?
13364877
In base 3, what is 2210002120 - 112002?
2202120111
In base 8, what is 14 + 2724742?
2724756
In base 15, what is -1e3 + 56779?
56586
In base 4, what is -31 - -123001133130?
123001133033
In base 10, what is -2 + -2514734?
-2514736
In base 14, what is -496195 + 3?
-496192
In base 10, what is 114 + 190868?
190982
In base 16, what is -5 + -11b8e74c?
-11b8e751
In base 12, what is 49549 + 1082?
4a60b
In base 10, what is 3733201 + 16?
3733217
In base 6, what is 3105 - 225353?
-222244
In base 5, what is 31 - 111004234212?
-111004234131
In base 5, what is 213344 - -14034?
232433
In base 8, what is 200 + -25777?
-25577
In base 6, what is -3 - 124021544?
-124021551
In base 14, what is -ca485 - 1c?
-ca4a3
In base 8, what is -24561141 - -4?
-24561135
In base 5, what is -1 - -3214322304?
3214322303
In base 8, what is 43 - -52457?
52522
In base 14, what is -824a1 + 51?
-82450
In base 10, what is -15247328 - -29?
-15247299
In base 6, what is 25504 - 4122?
21342
In base 15, what is -22 + 23bde?
23bbc
In base 7, what is 1630643020 + -4?
1630643013
In base 14, what is 1a14 + 1a57?
366b
In base 6, what is -3355020301 - -3?
-3355020254
In base 4, what is 222112302 - 1100?
222111202
In base 14, what is -2d - -318665?
318636
In base 9, what is -464375687 + -5?
-464375703
In base 11, what is 10350a99 + -4?
10350a95
In base 2, what is 1001111111 - 10000110100010?
-1111100100011
In base 6, what is -1 + -105445554532?
-105445554533
In base 4, what is 32012023321031 + -1?
32012023321030
In base 15, what is 16264645 + -2?
16264643
In base 3, what is 2201210020002021222 - -2?
2201210020002022001
In base 11, what is -12826 - 20923?
-33649
In base 16, what is 146fa4 + -1c?
146f88
In base 14, what is 32b7636 - -14?
32b764a
In base 11, what is -5074602 + -4?
-5074606
In base 10, what is 1578969 + -246?
1578723
In base 7, what is -4513142654 - 4?
-4513142661
In base 13, what is 16 + -b0cb09?
-b0cac3
In base 6, what is -123111 + -145002?
-312113
In base 15, what is b - -246885b?
2468867
In base 6, what is -3254230 + 2340?
-3251450
In base 14, what is -58 + 21b?
1a3
In base 13, what is 72 - -15ca83?
15cb25
In base 15, what is -199 + -110d61?
-11100a
In base 5, what is -123 - 112300410?
-112301033
In base 5, what is -121 + 14433313320?
14433313144
In base 14, what is -1012 + -8caa?
-9cbc
In base 5, what is 13041043422 + 0?
13041043422
In base 3, what is -1202101120001 + 211?
-1202101112020
In base 9, what is 602 + -13033?
-12331
In base 8, what is 36151157 - -1?
36151160
In base 13, what is 36145 + 1ac8?
37c40
In base 3, what is -20 - 2001010112102212?
-2001010112110002
In base 5, what is 2 - -4313401112?
4313401114
In base 6, what is 10025313 + 20053?
10045410
In base 7, what is -102101 + 4462?
-64306
In base 8, what is -2436652 - 4?
-2436656
In base 11, what is 14a + 465a61?
466100
In base 4, what is -1330123 + 13300?
-1310223
In base 3, what is 2122120021 - -2011?
2122122102
In base 2, what is -11 - 11100010